 4*n - 4 = f, 3*f + 5 = -7. Let i be -2 - (2 + -2 - 2). Suppose i = -n*h + 5*h - 10. What is the units digit of h?
2
Suppose 4*j - 3*d + 4*d = 23, -3*j = -4*d - 22. Let l = j + -6. Let m = l - -11. What is the units digit of m?
1
Suppose -16 = -3*h + 17. What is the units digit of h?
1
Let o(k) = 17*k - 1. Let f be o(1). Suppose -3*n - 4*c = -3, 2*c - 4*c - f = -2*n. What is the units digit of n?
5
Suppose 0 = -3*w + 40 + 5. Suppose -t - 3 = -4*c, 3*c - 3*t + 6 - w = 0. Suppose g + c - 7 = 0. What is the units digit of g?
7
Suppose 0 = 6*z - 3*z - 468. What is the hundreds digit of z?
1
Let z(v) = -v**3 - 6*v**2 - v + 2. Let m be z(-4). Let n = -16 - m. Suppose -5 = -5*o - f, f - 3*f - n = 0. What is the units digit of o?
2
Let h(u) = -u**2 + 10*u - 1. Suppose 38 = 4*f + 2. Let r be h(f). What is the units digit of 122/14 - r/(-28)?
9
Let o(f) = 3*f**2 - 4*f. What is the units digit of o(4)?
2
Suppose -95 = -m - 5*s, -m = -4*m - 3*s + 273. Suppose 3*v - 3*q = m, -2*v + 2*q = -2*q - 56. What is the tens digit of v?
3
Suppose c = 2*c - 4. Suppose 0 = -2*o - c*t + 26, t = -0*o + 5*o - 32. Let h = o - 0. What is the units digit of h?
7
Suppose -4*g + 123 = -g. What is the tens digit of g?
4
Let s = 245 - 174. What is the units digit of s?
1
Let z(p) = p - 6. Let k be z(-6). What is the units digit of (-3)/k - 75/(-4)?
9
Let g(u) be the first derivative of 8*u**3/3 - u**2/2 - u + 1. Suppose -4 = -3*m - 7. What is the units digit of g(m)?
8
Let t(k) = k**3 + 10*k**2 - 2*k + 8. What is the hundreds digit of t(-9)?
1
Let l = -1 + -3. Let a be (16/6)/(l/(-6)). Suppose 3*q = a + 11. What is the units digit of q?
5
Suppose -2*u + 0*s + 3*s = -2, 5*u - 5*s = 10. Let x be (-2 + u)/(-6)*-12. Suppose x*b = -g + 28, -4 = -g - 8. What is the units digit of b?
8
Suppose 2*o + 0 = 4. Suppose 4*d = o*d + 50. What is the tens digit of d?
2
Suppose 3*u - 4*u - 3*y - 15 = 0, -20 = 4*u + 2*y. What is the units digit of u + 15/3 + 8?
0
Let f(z) = z**3 + 4*z**2 - z + 1. Let r be f(-4). Suppose -16 = -2*k - 3*x, -2*k = -4*k + r*x + 16. What is the units digit of k?
8
Let w = 8 - -2. Suppose -a + w = 6. Suppose 4*x - 24 = -4*o - o, a*x = o. What is the units digit of x?
1
Suppose 20 = -5*k + 5, 3*g - 9 = k. What is the tens digit of (2/g)/((-1)/(-12))?
1
Suppose 0*z + z + 36 = 2*s, -2 = z. What is the tens digit of s?
1
What is the units digit of 3/(-1) - 5/(25/(-30))?
3
Suppose -4*y = -12, 8*v - 12*v + 5*y = -1173. What is the hundreds digit of v?
2
Suppose t - 47 = -4*i, 3*t + 20 + 8 = i. What is the units digit of i?
3
Let d(s) = 8*s**3. Let c be d(-1). Let g = c + 13. What is the units digit of 2/g + 106/10?
1
Let f = -8 - -68. Suppose -7*t + f = -3*t. What is the units digit of t?
5
Suppose 0 = -4*t + 4*b - 8, -2*b + 5 = 3*t + 1. Let z be (-1 - 3/(-3)) + t. Suppose -2*u + 7*u - 40 = z. What is the units digit of u?
8
Let u(y) = y**2 - 7*y + 3. Let k be ((-1)/2)/((-5)/70). Let f be u(k). What is the units digit of f/4 + (-2)/(-8)?
1
Suppose 93 + 33 = y. What is the tens digit of y?
2
Let h = 7 + -2. Suppose 0 = -h*w + 4 + 11. Suppose -4 = -i + w. What is the units digit of i?
7
Let f(q) = 5*q**3 - q**2 + 3*q - 5. What is the tens digit of f(2)?
3
Let g(s) = -s + 6. Let a be g(7). Let d = a - -12. What is the units digit of d?
1
Let i be (-7)/1*1 + 2. Let t(f) be the third derivative of f**6/120 + f**5/15 - 5*f**4/24 + f**3/3 + 8*f**2. What is the units digit of t(i)?
2
Let q = 4 + -2. Suppose -q*o + 3*p - 4 = -23, -4*o + 3*p = -29. What is the units digit of o?
5
Let m(b) = 2*b**2 + 8*b - 15. What is the tens digit of m(-8)?
4
Let a = 51 - 36. What is the units digit of a?
5
Let c be 3/(12/(-5))*-4. Let j = c + -13. What is the tens digit of (j/6)/((-4)/30)?
1
Let b be ((-12)/15)/((-4)/30). What is the units digit of (25/15)/(2/b)?
5
Suppose 0 = -l + 2*s - 2, -5*l - 5*s + 2*s = -3. What is the tens digit of (-1 - -3 - l) + 26?
2
Let u(w) = 25*w + 3. Let j be u(3). Suppose c + 19 = j. What is the units digit of c?
9
Let w(f) be the first derivative of f**3/3 - 1. Let d be w(2). Let c = 2 + d. What is the units digit of c?
6
Let h(k) = 3*k - 10. Suppose -52 = -5*b + 4*c, 2*c - 21 = 5*b - 67. Let n be h(b). Suppose n = -2*y + 4*y. What is the units digit of y?
7
Let k(j) = -j - 24. Let o be k(-15). Let v = o - -36. What is the units digit of v?
7
Let t(j) = j + 6. Let l be t(-3). Let f(q) = q. Let n be f(l). What is the units digit of 1 - (-5 + 3/n)?
5
Suppose 0 = -0*f + 5*f - 25. Suppose -a - 14 = -2*r, -23 = -5*r + a + 12. Suppose 2*t - 5*s = r*t - 50, f*s = -2*t + 26. What is the units digit of t?
8
Let u(z) = -z**3 + z**2 - 2*z - 1. What is the tens digit of u(-2)?
1
Suppose 5*k + 18 = 53. What is the units digit of k?
7
Let c = -158 + 193. What is the units digit of c?
5
Suppose 3*x - 665 = -2*x. Suppose -2*u - 31 = -x. Suppose 2*y + y - u = 0. What is the units digit of y?
7
Let b(f) = f**3 - 5*f**2 + 4*f + 5. Let n be b(4). Suppose -5*l + 2*y - 3*y = -22, -n*y + 18 = 2*l. What is the units digit of l?
4
Let f = 9 - 32. Let r = f - -33. Suppose -g + r - 2 = 5*t, 0 = g + 3*t - 8. What is the units digit of g?
8
Suppose -2*z + 0*z + 26 = 0. Suppose 2*l + 24 = 4*u - 2, -3*u - 5*l - z = 0. Suppose -6*s + 2 = -u*s. What is the units digit of s?
1
Suppose -2*f + 22 = -4*z, 26 = -2*z + f + 3*f. Let a be (4/8)/((-1)/2). Let u = a - z. What is the units digit of u?
2
Let q(f) = f**2 - 1. Suppose 7 - 22 = -5*t. What is the units digit of q(t)?
8
What is the units digit of ((-56)/(-70))/(4/90)?
8
Let x(i) = 9*i**2 + 5*i - 1. What is the units digit of x(3)?
5
Suppose 7*w - 129 = 4*w. What is the units digit of w?
3
Let i(v) = -v**3 + 4*v**2 - 4*v + 3. Let z be i(3). Let d be z - 1 - (-1 + -4). Let o(b) = 2*b**2 - 5*b - 2. What is the units digit of o(d)?
0
Suppose -5*b - 2*u = 3*u - 195, 0 = 5*b - 2*u - 174. What is the tens digit of b?
3
Let q(w) = w**3 - 4*w**2 - 4*w - 1. Let c be q(5). Suppose 5 = a + c*a. What is the units digit of a?
1
Let z(w) = 3*w + 3. Let s be z(-7). What is the units digit of s/(-4) + 2/4?
5
Suppose -15 = 5*z, 0*u - 99 = -4*u + z. What is the units digit of u?
4
Let g(l) = -4*l + 1. Let x be g(1). Let y = 3 + x. Let k = y + 3. What is the units digit of k?
3
Let p(u) = -u**3 + 5*u**2 + 2. Let c be p(5). Let h be 2/(2/(-1))*c. Let k = 8 + h. What is the units digit of k?
6
Let y(v) = -70*v + 1. What is the units digit of y(-1)?
1
Let x = 6 + -6. What is the units digit of (-4)/6*-6 + x?
4
What is the tens digit of ((-5)/(-4))/(6 - (-572)/(-96))?
3
Let s = 6 + -5. Let x = 3 - s. What is the units digit of x?
2
Suppose -d = 3*y - 121, -6*y + 179 = -y - 4*d. What is the tens digit of y?
3
Suppose 3*k - 12 = -0*k, -4*g + 152 = -4*k. What is the tens digit of g?
4
What is the units digit of -2 - -66 - (-3 + 1)?
6
Let c = 1168 - 785. What is the tens digit of c?
8
Suppose -376 = -3*t - 118. What is the units digit of t?
6
Let j be (40/(-6))/((-2)/3). Suppose 5*q = -2*v + 3, -5*v - 4*q + 0*q = 18. Let n = v + j. What is the units digit of n?
4
Let z be (0/((-2)/2))/(-2). Suppose 31 = -5*o - l, -2*l = 5*o - z*o + 32. Let i = 10 - o. What is the units digit of i?
6
Suppose -49 = -2*y + 2*s + 27, 0 = -4*y - 3*s + 187. What is the units digit of y?
3
Let r = -222 + 448. What is the tens digit of r?
2
Suppose b + 107 = -3*j, 2*b + 1 = j + 25. Let u = 62 + j. What is the tens digit of u?
2
Suppose -2*w = -4*t - 4, 2*w + 7 = -2*w + 3*t. Let u be -1 - w - (2 - 2). Suppose k + 3*v = 2*k + 1, 0 = -5*k - u*v + 31. What is the units digit of k?
5
Let a(r) = 11*r - 6. Suppose 6 + 9 = 3*x. What is the tens digit of a(x)?
4
What is the tens digit of ((-16)/10)/((1 - 3)/90)?
7
Let l = -3 + 0. What is the units digit of (-9)/l*(-2)/(-6)?
1
Let t = 9 + -7. Suppose -13 = -3*j - v, 3*j - t*v - 2*v = -7. Suppose 0*s - 38 = -j*s + 4*m, 43 = 3*s + m. What is the tens digit of s?
1
Let o(s) = -s**3 - 8*s**2 - 7*s + 3. Let j be o(-7). Let b = 13 - j. What is the units digit of b?
0
Let h(o) = -5*o + 18. What is the units digit of h(-13)?
3
Suppose -5*n + 3*u - 40 = 0, n + 5*u - 18 - 2 = 0. Let a(y) = y - 3. Let c(s) = 4*s - 13. Let r(d) = -9*a(d) + 2*c(d). What is the units digit of r(n)?
6
Suppose -3*r + 29 = 5*m, -3*m + 11 + 16 = 5*r. Let v = 20 + m. What is the tens digit 